{"id":609,"date":"2019-09-01T16:12:13","date_gmt":"2019-09-01T21:12:13","guid":{"rendered":"http:\/\/hacemosmemoria.org\/udea50\/?page_id=609"},"modified":"2019-09-02T19:27:43","modified_gmt":"2019-09-03T00:27:43","slug":"fichero","status":"publish","type":"page","link":"https:\/\/hacemosmemoria.org\/udea50\/fichero\/","title":{"rendered":"Fichero"},"content":{"rendered":"\nCon el prop\u00f3sito de que la informaci\u00f3n recopilada en el marco de este proyecto sirva a futuras investigaciones, ponemos a disposici\u00f3n de los usuarios de esta l\u00ednea de tiempo las fichas bibliogr\u00e1ficas elaboradas en el proceso.\n\n\n\n<p><strong><a href=\"https:\/\/hacemosmemoria.org\/udea50\/fichero\/1968-1978\/\" target=\"_blank\" rel=\"noreferrer noopener\" aria-label=\" (opens in a new tab)\">1968 &#8211; 1978<\/a><\/strong><\/p>\n\n\n\n<p><strong><a href=\"https:\/\/hacemosmemoria.org\/udea50\/fichero\/1979-1988\/\" target=\"_blank\" rel=\"noreferrer noopener\" aria-label=\"1979 - 1987 (opens in a new tab)\">1979 &#8211; 1987<\/a><\/strong><\/p>\n\n\n\n<p><strong><a href=\"https:\/\/hacemosmemoria.org\/udea50\/fichero\/1988-1997\/\" target=\"_blank\" rel=\"noreferrer noopener\" aria-label=\"1988 - 1997 (opens in a new tab)\">1988 &#8211; 1997<\/a><\/strong><\/p>\n\n\n\n<p><strong><a href=\"https:\/\/hacemosmemoria.org\/udea50\/fichero\/1998-2007\/\" target=\"_blank\" rel=\"noreferrer noopener\" aria-label=\"1998 - 2007 (opens in a new tab)\">1998 &#8211; 2007<\/a><\/strong><\/p>\n\n\n\n<p><strong><a href=\"https:\/\/hacemosmemoria.org\/udea50\/fichero\/2008-2018\/\" target=\"_blank\" rel=\"noreferrer noopener\" aria-label=\"2008 - 2018 (opens in a new tab)\">2008 &#8211; 2018<\/a><\/strong><\/p>\n","protected":false},"excerpt":{"rendered":"<p>Con el prop\u00f3sito de que la informaci\u00f3n recopilada en el marco de este proyecto sirva a futuras investigaciones, ponemos a disposici\u00f3n de los usuarios de esta l\u00ednea de tiempo las fichas bibliogr\u00e1ficas elaboradas en el proceso. 1968 &#8211; 1978 1979 &#8211; 1987 1988 &#8211; 1997 1998 &#8211; 2007 2008 &#8211; 2018<\/p>\n","protected":false},"author":1,"featured_media":0,"parent":0,"menu_order":0,"comment_status":"closed","ping_status":"closed","template":"","meta":{"_acf_changed":false,"_monsterinsights_skip_tracking":false,"_monsterinsights_sitenote_active":false,"_monsterinsights_sitenote_note":"","_monsterinsights_sitenote_category":0,"ngg_post_thumbnail":0,"footnotes":""},"acf":[],"yoast_head":"<!-- This site is optimized with the Yoast SEO plugin v22.1 - https:\/\/yoast.com\/wordpress\/plugins\/seo\/ -->\n<title>Fichero - 50 a\u00f1os de violencia y resistencia en la Universidad de Antioquia<\/title>\n<meta name=\"robots\" content=\"index, follow, max-snippet:-1, max-image-preview:large, max-video-preview:-1\" \/>\n<link rel=\"canonical\" href=\"https:\/\/hacemosmemoria.org\/udea50\/fichero\/\" \/>\n<meta property=\"og:locale\" content=\"es_ES\" \/>\n<meta property=\"og:type\" content=\"article\" \/>\n<meta property=\"og:title\" content=\"Fichero - 50 a\u00f1os de violencia y resistencia en la Universidad de Antioquia\" \/>\n<meta property=\"og:description\" content=\"Con el prop\u00f3sito de que la informaci\u00f3n recopilada en el marco de este proyecto sirva a futuras investigaciones, ponemos a disposici\u00f3n de los usuarios de esta l\u00ednea de tiempo las fichas bibliogr\u00e1ficas elaboradas en el proceso. 1968 &#8211; 1978 1979 &#8211; 1987 1988 &#8211; 1997 1998 &#8211; 2007 2008 &#8211; 2018\" \/>\n<meta property=\"og:url\" content=\"https:\/\/hacemosmemoria.org\/udea50\/fichero\/\" \/>\n<meta property=\"og:site_name\" content=\"50 a\u00f1os de violencia y resistencia en la Universidad de Antioquia\" \/>\n<meta property=\"article:modified_time\" content=\"2019-09-03T00:27:43+00:00\" \/>\n<meta name=\"twitter:card\" content=\"summary_large_image\" \/>\n<script type=\"application\/ld+json\" class=\"yoast-schema-graph\">{\"@context\":\"https:\/\/schema.org\",\"@graph\":[{\"@type\":\"WebPage\",\"@id\":\"https:\/\/hacemosmemoria.org\/udea50\/fichero\/\",\"url\":\"https:\/\/hacemosmemoria.org\/udea50\/fichero\/\",\"name\":\"Fichero - 50 a\u00f1os de violencia y resistencia en la Universidad de Antioquia\",\"isPartOf\":{\"@id\":\"https:\/\/hacemosmemoria.org\/udea50\/#website\"},\"datePublished\":\"2019-09-01T21:12:13+00:00\",\"dateModified\":\"2019-09-03T00:27:43+00:00\",\"breadcrumb\":{\"@id\":\"https:\/\/hacemosmemoria.org\/udea50\/fichero\/#breadcrumb\"},\"inLanguage\":\"es-CO\",\"potentialAction\":[{\"@type\":\"ReadAction\",\"target\":[\"https:\/\/hacemosmemoria.org\/udea50\/fichero\/\"]}]},{\"@type\":\"BreadcrumbList\",\"@id\":\"https:\/\/hacemosmemoria.org\/udea50\/fichero\/#breadcrumb\",\"itemListElement\":[{\"@type\":\"ListItem\",\"position\":1,\"name\":\"Inicio\",\"item\":\"https:\/\/hacemosmemoria.org\/udea50\/\"},{\"@type\":\"ListItem\",\"position\":2,\"name\":\"Fichero\"}]},{\"@type\":\"WebSite\",\"@id\":\"https:\/\/hacemosmemoria.org\/udea50\/#website\",\"url\":\"https:\/\/hacemosmemoria.org\/udea50\/\",\"name\":\"50 a\u00f1os de violencia y resistencia en la Universidad de Antioquia\",\"description\":\"Un contenido de Hacemos Memoria\",\"potentialAction\":[{\"@type\":\"SearchAction\",\"target\":{\"@type\":\"EntryPoint\",\"urlTemplate\":\"https:\/\/hacemosmemoria.org\/udea50\/?s={search_term_string}\"},\"query-input\":\"required name=search_term_string\"}],\"inLanguage\":\"es-CO\"}]}<\/script>\n<!-- \/ Yoast SEO plugin. -->","yoast_head_json":{"title":"Fichero - 50 a\u00f1os de violencia y resistencia en la Universidad de Antioquia","robots":{"index":"index","follow":"follow","max-snippet":"max-snippet:-1","max-image-preview":"max-image-preview:large","max-video-preview":"max-video-preview:-1"},"canonical":"https:\/\/hacemosmemoria.org\/udea50\/fichero\/","og_locale":"es_ES","og_type":"article","og_title":"Fichero - 50 a\u00f1os de violencia y resistencia en la Universidad de Antioquia","og_description":"Con el prop\u00f3sito de que la informaci\u00f3n recopilada en el marco de este proyecto sirva a futuras investigaciones, ponemos a disposici\u00f3n de los usuarios de esta l\u00ednea de tiempo las fichas bibliogr\u00e1ficas elaboradas en el proceso. 1968 &#8211; 1978 1979 &#8211; 1987 1988 &#8211; 1997 1998 &#8211; 2007 2008 &#8211; 2018","og_url":"https:\/\/hacemosmemoria.org\/udea50\/fichero\/","og_site_name":"50 a\u00f1os de violencia y resistencia en la Universidad de Antioquia","article_modified_time":"2019-09-03T00:27:43+00:00","twitter_card":"summary_large_image","schema":{"@context":"https:\/\/schema.org","@graph":[{"@type":"WebPage","@id":"https:\/\/hacemosmemoria.org\/udea50\/fichero\/","url":"https:\/\/hacemosmemoria.org\/udea50\/fichero\/","name":"Fichero - 50 a\u00f1os de violencia y resistencia en la Universidad de Antioquia","isPartOf":{"@id":"https:\/\/hacemosmemoria.org\/udea50\/#website"},"datePublished":"2019-09-01T21:12:13+00:00","dateModified":"2019-09-03T00:27:43+00:00","breadcrumb":{"@id":"https:\/\/hacemosmemoria.org\/udea50\/fichero\/#breadcrumb"},"inLanguage":"es-CO","potentialAction":[{"@type":"ReadAction","target":["https:\/\/hacemosmemoria.org\/udea50\/fichero\/"]}]},{"@type":"BreadcrumbList","@id":"https:\/\/hacemosmemoria.org\/udea50\/fichero\/#breadcrumb","itemListElement":[{"@type":"ListItem","position":1,"name":"Inicio","item":"https:\/\/hacemosmemoria.org\/udea50\/"},{"@type":"ListItem","position":2,"name":"Fichero"}]},{"@type":"WebSite","@id":"https:\/\/hacemosmemoria.org\/udea50\/#website","url":"https:\/\/hacemosmemoria.org\/udea50\/","name":"50 a\u00f1os de violencia y resistencia en la Universidad de Antioquia","description":"Un contenido de Hacemos Memoria","potentialAction":[{"@type":"SearchAction","target":{"@type":"EntryPoint","urlTemplate":"https:\/\/hacemosmemoria.org\/udea50\/?s={search_term_string}"},"query-input":"required name=search_term_string"}],"inLanguage":"es-CO"}]}},"jetpack_sharing_enabled":true,"_links":{"self":[{"href":"https:\/\/hacemosmemoria.org\/udea50\/wp-json\/wp\/v2\/pages\/609"}],"collection":[{"href":"https:\/\/hacemosmemoria.org\/udea50\/wp-json\/wp\/v2\/pages"}],"about":[{"href":"https:\/\/hacemosmemoria.org\/udea50\/wp-json\/wp\/v2\/types\/page"}],"author":[{"embeddable":true,"href":"https:\/\/hacemosmemoria.org\/udea50\/wp-json\/wp\/v2\/users\/1"}],"replies":[{"embeddable":true,"href":"https:\/\/hacemosmemoria.org\/udea50\/wp-json\/wp\/v2\/comments?post=609"}],"version-history":[{"count":11,"href":"https:\/\/hacemosmemoria.org\/udea50\/wp-json\/wp\/v2\/pages\/609\/revisions"}],"predecessor-version":[{"id":959,"href":"https:\/\/hacemosmemoria.org\/udea50\/wp-json\/wp\/v2\/pages\/609\/revisions\/959"}],"wp:attachment":[{"href":"https:\/\/hacemosmemoria.org\/udea50\/wp-json\/wp\/v2\/media?parent=609"}],"curies":[{"name":"wp","href":"https:\/\/api.w.org\/{rel}","templated":true}]}}

Con el propósito de que la información recopilada en el marco de este proyecto sirva a futuras investigaciones, ponemos a disposición de los usuarios de esta línea de tiempo las fichas bibliográficas elaboradas en el proceso.



<p><strong><a href="https://hacemosmemoria.org/udea50/fichero/1968-1978/" target="_blank" rel="noreferrer noopener" aria-label=" (opens in a new tab)">1968 &#8211; 1978</a></strong></p>



<p><strong><a href="https://hacemosmemoria.org/udea50/fichero/1979-1988/" target="_blank" rel="noreferrer noopener" aria-label="1979 - 1987 (opens in a new tab)">1979 &#8211; 1987</a></strong></p>



<p><strong><a href="https://hacemosmemoria.org/udea50/fichero/1988-1997/" target="_blank" rel="noreferrer noopener" aria-label="1988 - 1997 (opens in a new tab)">1988 &#8211; 1997</a></strong></p>



<p><strong><a href="https://hacemosmemoria.org/udea50/fichero/1998-2007/" target="_blank" rel="noreferrer noopener" aria-label="1998 - 2007 (opens in a new tab)">1998 &#8211; 2007</a></strong></p>



<p><strong><a href="https://hacemosmemoria.org/udea50/fichero/2008-2018/" target="_blank" rel="noreferrer noopener" aria-label="2008 - 2018 (opens in a new tab)">2008 &#8211; 2018</a></strong></p>

<p>Con el propósito de que la información recopilada en el marco de este proyecto sirva a futuras investigaciones, ponemos a disposición de los usuarios de esta línea de tiempo las fichas bibliográficas elaboradas en el proceso. 1968 &#8211; 1978 1979 &#8211; 1987 1988 &#8211; 1997 1998 &#8211; 2007 2008 &#8211; 2018</p>

<!-- This site is optimized with the Yoast SEO plugin v22.1 - https://yoast.com/wordpress/plugins/seo/ -->
<title>Fichero - 50 años de violencia y resistencia en la Universidad de Antioquia</title>
<meta name="robots" content="index, follow, max-snippet:-1, max-image-preview:large, max-video-preview:-1" />
<link rel="canonical" href="https://hacemosmemoria.org/udea50/fichero/" />
<meta property="og:locale" content="es_ES" />
<meta property="og:type" content="article" />
<meta property="og:title" content="Fichero - 50 años de violencia y resistencia en la Universidad de Antioquia" />
<meta property="og:description" content="Con el propósito de que la información recopilada en el marco de este proyecto sirva a futuras investigaciones, ponemos a disposición de los usuarios de esta línea de tiempo las fichas bibliográficas elaboradas en el proceso. 1968 &#8211; 1978 1979 &#8211; 1987 1988 &#8211; 1997 1998 &#8211; 2007 2008 &#8211; 2018" />
<meta property="og:url" content="https://hacemosmemoria.org/udea50/fichero/" />
<meta property="og:site_name" content="50 años de violencia y resistencia en la Universidad de Antioquia" />
<meta property="article:modified_time" content="2019-09-03T00:27:43+00:00" />
<meta name="twitter:card" content="summary_large_image" />
<script type="application/ld+json" class="yoast-schema-graph">{"@context":"https://schema.org","@graph":[{"@type":"WebPage","@id":"https://hacemosmemoria.org/udea50/fichero/","url":"https://hacemosmemoria.org/udea50/fichero/","name":"Fichero - 50 años de violencia y resistencia en la Universidad de Antioquia","isPartOf":{"@id":"https://hacemosmemoria.org/udea50/#website"},"datePublished":"2019-09-01T21:12:13+00:00","dateModified":"2019-09-03T00:27:43+00:00","breadcrumb":{"@id":"https://hacemosmemoria.org/udea50/fichero/#breadcrumb"},"inLanguage":"es-CO","potentialAction":[{"@type":"ReadAction","target":["https://hacemosmemoria.org/udea50/fichero/"]}]},{"@type":"BreadcrumbList","@id":"https://hacemosmemoria.org/udea50/fichero/#breadcrumb","itemListElement":[{"@type":"ListItem","position":1,"name":"Inicio","item":"https://hacemosmemoria.org/udea50/"},{"@type":"ListItem","position":2,"name":"Fichero"}]},{"@type":"WebSite","@id":"https://hacemosmemoria.org/udea50/#website","url":"https://hacemosmemoria.org/udea50/","name":"50 años de violencia y resistencia en la Universidad de Antioquia","description":"Un contenido de Hacemos Memoria","potentialAction":[{"@type":"SearchAction","target":{"@type":"EntryPoint","urlTemplate":"https://hacemosmemoria.org/udea50/?s={search_term_string}"},"query-input":"required name=search_term_string"}],"inLanguage":"es-CO"}]}</script>
<!-- / Yoast SEO plugin. -->

Fichero - 50 años de violencia y resistencia en la Universidad de Antioquia

Con el propósito de que la información recopilada en el marco de este proyecto sirva a futuras investigaciones, ponemos a disposición de los usuarios de esta línea de tiempo las fichas bibliográficas elaboradas en el proceso. 1968 &#8211; 1978 1979 &#8211; 1987 1988 &#8211; 1997 1998 &#8211; 2007 2008 &#8211; 2018

50 años de violencia y resistencia en la Universidad de Antioquia
