{"id":196,"date":"2019-07-14T11:46:33","date_gmt":"2019-07-14T16:46:33","guid":{"rendered":"http:\/\/hacemosmemoria.org\/udea50\/?page_id=196"},"modified":"2020-12-08T21:20:54","modified_gmt":"2020-12-09T02:20:54","slug":"creditos","status":"publish","type":"page","link":"https:\/\/hacemosmemoria.org\/udea50\/creditos\/","title":{"rendered":"Cr\u00e9ditos"},"content":{"rendered":"\n<p><em><strong>50 a\u00f1os de violencia y resistencia en la Universidad de Antioquia<\/strong><\/em> es un producto period\u00edstico del proyecto Hacemos Memoria de la Facultad de Comunicaciones, en alianza con el Instituto de Estudios Pol\u00edticos y la Escuela Interamericana de Bibliotecolog\u00eda, con el apoyo de DW Akademie. Este producto es el cumplimiento del proyecto de investigaci\u00f3n L\u00ednea del tiempo de acciones de violencia y resistencia en la Universidad de Antioquia, 1968-2018.<em>&nbsp;<\/em><\/p>\n\n\n\n<p class=\"has-medium-font-size\"><strong>Comit\u00e9 Editorial<\/strong><\/p>\n\n\n<p><strong>Patricia Nieto Nieto<\/strong><br>Profesora de la Facultad de Comunicaciones y directoria de Hacemos Memoria<br><strong>Adriana Gonz\u00e1lez Gil<\/strong><br>Profesora del Instituto de Estudios Pol\u00edticos<br><strong>Sandra Arenas Grisales<\/strong><br>Profesora de la Escuela Interamericana de Bibliotecolog\u00eda<\/p>\n\n\n<p class=\"has-medium-font-size\"><strong>Edici\u00f3n period\u00edstica <\/strong><\/p>\n\n\n\n<p><strong>Juan David Ortiz<\/strong><br>Profesor de la Facultad de Comunicaciones y director del peri\u00f3dico De la Urbe<br><strong>V\u00edctor Casas Mendoza<\/strong><br>Profesor de la Facultad de Comunicaciones y coordinador de Hacemos Memoria<br><strong>Yhob\u00e1n Camilo Hern\u00e1ndez<br><\/strong>Editor de Hacemos Memoria <\/p>\n\n\n\n<p class=\"has-medium-font-size\"><strong>Producci\u00f3n period\u00edstica <\/strong><\/p>\n\n\n\n<p> <strong>Alejandro Valencia<\/strong><br> Estudiante de Periodismo <br> <strong>Daniela S\u00e1nchez Romero<\/strong><br> Estudiante de Periodismo <br> <strong>Danilo Arias Henao<\/strong><br> Estudiante de Periodismo  <br> <strong>Elisa Castrill\u00f3n Palacio<\/strong><br> Estudiante de Periodismo  <br> <strong>Karen Parrado Beltr\u00e1n<\/strong><br> Estudiante de Periodismo <br> <strong>Karen S\u00e1nchez Palacio<\/strong><br> Estudiante de Periodismo  <br><strong> Laura Cardona Pati\u00f1o<br><\/strong> Estudiante de Periodismo <br><strong> Luis Bonza Ram\u00edrez<br><\/strong> Estudiante de Periodismo<br><strong> Paulina Meza Loaiza<br><\/strong> Estudiante de Periodismo <br><strong> Santiago Rodr\u00edguez \u00c1lvarez<br><\/strong> Estudiante de Periodismo<\/p>\n\n\n\n<p class=\"has-medium-font-size\"><strong>Sistematizaci\u00f3n de prensa<\/strong> <\/p>\n\n\n\n<p><strong>Eberhar Cano Naranjo<\/strong><br>Estudiante de la maestr\u00eda en Ciencia de la Informaci\u00f3n<br><strong>Juan Camilo Parra<\/strong> <br>Polit\u00f3logo <br><strong>Julio Londo\u00f1o \u00c1lvarez<\/strong><br>Periodista <br><strong>Mariana Villegas Jim\u00e9nez<\/strong><br>Estudiante de Antropolog\u00eda  <br><strong>Paula Andrea Salamanca<\/strong> <br>Estudiante de Archiv\u00edstica <br><strong>Sara Ospina Restrepo <\/strong><br>Polit\u00f3loga  <\/p>\n\n\n\n<p class=\"has-medium-font-size\"><strong>Correcci\u00f3n<\/strong><\/p>\n\n\n\n<p><strong>Alejandra Montes Escobar <br>Juana Manuela Montoya Vel\u00e1squez<\/strong><\/p>\n\n\n\n<p class=\"has-medium-font-size\"><strong>Comunicaciones<\/strong><\/p>\n\n\n\n<p><strong>Alejandra Machado<\/strong><br>Comunicadora Social \u2013 Periodista<br><strong>Diego P\u00e9rez<\/strong><br>Comunicador audiovisual <\/p>\n\n\n\n<p class=\"has-medium-font-size\"><strong>Administraci\u00f3n<\/strong><\/p>\n\n\n\n<p><strong>Marcela Am\u00e9zquita<br><\/strong>Coordinadora financiera de Hacemos Memoria <br><strong>Yesenia Restrepo<\/strong><br>Estudiante de Administraci\u00f3n de empresas<\/p>\n\n\n\n<p class=\"has-medium-font-size\"><strong>Dise\u00f1o y programaci\u00f3n <\/strong><\/p>\n\n\n\n<p>Jorge Montoya Gallego <\/p>\n\n\n\n<p class=\"has-medium-font-size\"><strong>Imagen de portada<\/strong><\/p>\n\n\n\n<p><strong>Hugo Villegas<br><\/strong>Periodista <\/p>\n","protected":false},"excerpt":{"rendered":"<p>50 a\u00f1os de violencia y resistencia en la Universidad de Antioquia es un producto period\u00edstico del proyecto Hacemos Memoria de la Facultad de Comunicaciones, en alianza con el Instituto de Estudios Pol\u00edticos y la Escuela Interamericana de Bibliotecolog\u00eda, con el apoyo de DW Akademie. Este producto es el cumplimiento del proyecto de investigaci\u00f3n L\u00ednea del [&hellip;]<\/p>\n","protected":false},"author":1,"featured_media":0,"parent":0,"menu_order":0,"comment_status":"closed","ping_status":"closed","template":"","meta":{"_acf_changed":false,"_monsterinsights_skip_tracking":false,"_monsterinsights_sitenote_active":false,"_monsterinsights_sitenote_note":"","_monsterinsights_sitenote_category":0,"ngg_post_thumbnail":0,"footnotes":""},"acf":[],"yoast_head":"<!-- This site is optimized with the Yoast SEO plugin v22.1 - https:\/\/yoast.com\/wordpress\/plugins\/seo\/ -->\n<title>Cr\u00e9ditos - 50 a\u00f1os de violencia y resistencia en la Universidad de Antioquia<\/title>\n<meta name=\"robots\" content=\"index, follow, max-snippet:-1, max-image-preview:large, max-video-preview:-1\" \/>\n<link rel=\"canonical\" href=\"https:\/\/hacemosmemoria.org\/udea50\/creditos\/\" \/>\n<meta property=\"og:locale\" content=\"es_ES\" \/>\n<meta property=\"og:type\" content=\"article\" \/>\n<meta property=\"og:title\" content=\"Cr\u00e9ditos - 50 a\u00f1os de violencia y resistencia en la Universidad de Antioquia\" \/>\n<meta property=\"og:description\" content=\"50 a\u00f1os de violencia y resistencia en la Universidad de Antioquia es un producto period\u00edstico del proyecto Hacemos Memoria de la Facultad de Comunicaciones, en alianza con el Instituto de Estudios Pol\u00edticos y la Escuela Interamericana de Bibliotecolog\u00eda, con el apoyo de DW Akademie. Este producto es el cumplimiento del proyecto de investigaci\u00f3n L\u00ednea del [&hellip;]\" \/>\n<meta property=\"og:url\" content=\"https:\/\/hacemosmemoria.org\/udea50\/creditos\/\" \/>\n<meta property=\"og:site_name\" content=\"50 a\u00f1os de violencia y resistencia en la Universidad de Antioquia\" \/>\n<meta property=\"article:modified_time\" content=\"2020-12-09T02:20:54+00:00\" \/>\n<meta name=\"twitter:card\" content=\"summary_large_image\" \/>\n<meta name=\"twitter:label1\" content=\"Tiempo estimado de lectura\" \/>\n\t<meta name=\"twitter:data1\" content=\"2 minutos\" \/>\n<script type=\"application\/ld+json\" class=\"yoast-schema-graph\">{\"@context\":\"https:\/\/schema.org\",\"@graph\":[{\"@type\":\"WebPage\",\"@id\":\"https:\/\/hacemosmemoria.org\/udea50\/creditos\/\",\"url\":\"https:\/\/hacemosmemoria.org\/udea50\/creditos\/\",\"name\":\"Cr\u00e9ditos - 50 a\u00f1os de violencia y resistencia en la Universidad de Antioquia\",\"isPartOf\":{\"@id\":\"https:\/\/hacemosmemoria.org\/udea50\/#website\"},\"datePublished\":\"2019-07-14T16:46:33+00:00\",\"dateModified\":\"2020-12-09T02:20:54+00:00\",\"breadcrumb\":{\"@id\":\"https:\/\/hacemosmemoria.org\/udea50\/creditos\/#breadcrumb\"},\"inLanguage\":\"es-CO\",\"potentialAction\":[{\"@type\":\"ReadAction\",\"target\":[\"https:\/\/hacemosmemoria.org\/udea50\/creditos\/\"]}]},{\"@type\":\"BreadcrumbList\",\"@id\":\"https:\/\/hacemosmemoria.org\/udea50\/creditos\/#breadcrumb\",\"itemListElement\":[{\"@type\":\"ListItem\",\"position\":1,\"name\":\"Inicio\",\"item\":\"https:\/\/hacemosmemoria.org\/udea50\/\"},{\"@type\":\"ListItem\",\"position\":2,\"name\":\"Cr\u00e9ditos\"}]},{\"@type\":\"WebSite\",\"@id\":\"https:\/\/hacemosmemoria.org\/udea50\/#website\",\"url\":\"https:\/\/hacemosmemoria.org\/udea50\/\",\"name\":\"50 a\u00f1os de violencia y resistencia en la Universidad de Antioquia\",\"description\":\"Un contenido de Hacemos Memoria\",\"potentialAction\":[{\"@type\":\"SearchAction\",\"target\":{\"@type\":\"EntryPoint\",\"urlTemplate\":\"https:\/\/hacemosmemoria.org\/udea50\/?s={search_term_string}\"},\"query-input\":\"required name=search_term_string\"}],\"inLanguage\":\"es-CO\"}]}<\/script>\n<!-- \/ Yoast SEO plugin. -->","yoast_head_json":{"title":"Cr\u00e9ditos - 50 a\u00f1os de violencia y resistencia en la Universidad de Antioquia","robots":{"index":"index","follow":"follow","max-snippet":"max-snippet:-1","max-image-preview":"max-image-preview:large","max-video-preview":"max-video-preview:-1"},"canonical":"https:\/\/hacemosmemoria.org\/udea50\/creditos\/","og_locale":"es_ES","og_type":"article","og_title":"Cr\u00e9ditos - 50 a\u00f1os de violencia y resistencia en la Universidad de Antioquia","og_description":"50 a\u00f1os de violencia y resistencia en la Universidad de Antioquia es un producto period\u00edstico del proyecto Hacemos Memoria de la Facultad de Comunicaciones, en alianza con el Instituto de Estudios Pol\u00edticos y la Escuela Interamericana de Bibliotecolog\u00eda, con el apoyo de DW Akademie. Este producto es el cumplimiento del proyecto de investigaci\u00f3n L\u00ednea del [&hellip;]","og_url":"https:\/\/hacemosmemoria.org\/udea50\/creditos\/","og_site_name":"50 a\u00f1os de violencia y resistencia en la Universidad de Antioquia","article_modified_time":"2020-12-09T02:20:54+00:00","twitter_card":"summary_large_image","twitter_misc":{"Tiempo estimado de lectura":"2 minutos"},"schema":{"@context":"https:\/\/schema.org","@graph":[{"@type":"WebPage","@id":"https:\/\/hacemosmemoria.org\/udea50\/creditos\/","url":"https:\/\/hacemosmemoria.org\/udea50\/creditos\/","name":"Cr\u00e9ditos - 50 a\u00f1os de violencia y resistencia en la Universidad de Antioquia","isPartOf":{"@id":"https:\/\/hacemosmemoria.org\/udea50\/#website"},"datePublished":"2019-07-14T16:46:33+00:00","dateModified":"2020-12-09T02:20:54+00:00","breadcrumb":{"@id":"https:\/\/hacemosmemoria.org\/udea50\/creditos\/#breadcrumb"},"inLanguage":"es-CO","potentialAction":[{"@type":"ReadAction","target":["https:\/\/hacemosmemoria.org\/udea50\/creditos\/"]}]},{"@type":"BreadcrumbList","@id":"https:\/\/hacemosmemoria.org\/udea50\/creditos\/#breadcrumb","itemListElement":[{"@type":"ListItem","position":1,"name":"Inicio","item":"https:\/\/hacemosmemoria.org\/udea50\/"},{"@type":"ListItem","position":2,"name":"Cr\u00e9ditos"}]},{"@type":"WebSite","@id":"https:\/\/hacemosmemoria.org\/udea50\/#website","url":"https:\/\/hacemosmemoria.org\/udea50\/","name":"50 a\u00f1os de violencia y resistencia en la Universidad de Antioquia","description":"Un contenido de Hacemos Memoria","potentialAction":[{"@type":"SearchAction","target":{"@type":"EntryPoint","urlTemplate":"https:\/\/hacemosmemoria.org\/udea50\/?s={search_term_string}"},"query-input":"required name=search_term_string"}],"inLanguage":"es-CO"}]}},"jetpack_sharing_enabled":true,"_links":{"self":[{"href":"https:\/\/hacemosmemoria.org\/udea50\/wp-json\/wp\/v2\/pages\/196"}],"collection":[{"href":"https:\/\/hacemosmemoria.org\/udea50\/wp-json\/wp\/v2\/pages"}],"about":[{"href":"https:\/\/hacemosmemoria.org\/udea50\/wp-json\/wp\/v2\/types\/page"}],"author":[{"embeddable":true,"href":"https:\/\/hacemosmemoria.org\/udea50\/wp-json\/wp\/v2\/users\/1"}],"replies":[{"embeddable":true,"href":"https:\/\/hacemosmemoria.org\/udea50\/wp-json\/wp\/v2\/comments?post=196"}],"version-history":[{"count":17,"href":"https:\/\/hacemosmemoria.org\/udea50\/wp-json\/wp\/v2\/pages\/196\/revisions"}],"predecessor-version":[{"id":1295,"href":"https:\/\/hacemosmemoria.org\/udea50\/wp-json\/wp\/v2\/pages\/196\/revisions\/1295"}],"wp:attachment":[{"href":"https:\/\/hacemosmemoria.org\/udea50\/wp-json\/wp\/v2\/media?parent=196"}],"curies":[{"name":"wp","href":"https:\/\/api.w.org\/{rel}","templated":true}]}}

Créditos

<p><em><strong>50 años de violencia y resistencia en la Universidad de Antioquia</strong></em> es un producto periodístico del proyecto Hacemos Memoria de la Facultad de Comunicaciones, en alianza con el Instituto de Estudios Políticos y la Escuela Interamericana de Bibliotecología, con el apoyo de DW Akademie. Este producto es el cumplimiento del proyecto de investigación Línea del tiempo de acciones de violencia y resistencia en la Universidad de Antioquia, 1968-2018.<em>&nbsp;</em></p>



<p class="has-medium-font-size"><strong>Comité Editorial</strong></p>


<p><strong>Patricia Nieto Nieto</strong><br>Profesora de la Facultad de Comunicaciones y directoria de Hacemos Memoria<br><strong>Adriana González Gil</strong><br>Profesora del Instituto de Estudios Políticos<br><strong>Sandra Arenas Grisales</strong><br>Profesora de la Escuela Interamericana de Bibliotecología</p>


<p class="has-medium-font-size"><strong>Edición periodística </strong></p>



<p><strong>Juan David Ortiz</strong><br>Profesor de la Facultad de Comunicaciones y director del periódico De la Urbe<br><strong>Víctor Casas Mendoza</strong><br>Profesor de la Facultad de Comunicaciones y coordinador de Hacemos Memoria<br><strong>Yhobán Camilo Hernández<br></strong>Editor de Hacemos Memoria </p>



<p class="has-medium-font-size"><strong>Producción periodística </strong></p>



<p> <strong>Alejandro Valencia</strong><br> Estudiante de Periodismo <br> <strong>Daniela Sánchez Romero</strong><br> Estudiante de Periodismo <br> <strong>Danilo Arias Henao</strong><br> Estudiante de Periodismo  <br> <strong>Elisa Castrillón Palacio</strong><br> Estudiante de Periodismo  <br> <strong>Karen Parrado Beltrán</strong><br> Estudiante de Periodismo <br> <strong>Karen Sánchez Palacio</strong><br> Estudiante de Periodismo  <br><strong> Laura Cardona Patiño<br></strong> Estudiante de Periodismo <br><strong> Luis Bonza Ramírez<br></strong> Estudiante de Periodismo<br><strong> Paulina Meza Loaiza<br></strong> Estudiante de Periodismo <br><strong> Santiago Rodríguez Álvarez<br></strong> Estudiante de Periodismo</p>



<p class="has-medium-font-size"><strong>Sistematización de prensa</strong> </p>



<p><strong>Eberhar Cano Naranjo</strong><br>Estudiante de la maestría en Ciencia de la Información<br><strong>Juan Camilo Parra</strong> <br>Politólogo <br><strong>Julio Londoño Álvarez</strong><br>Periodista <br><strong>Mariana Villegas Jiménez</strong><br>Estudiante de Antropología  <br><strong>Paula Andrea Salamanca</strong> <br>Estudiante de Archivística <br><strong>Sara Ospina Restrepo </strong><br>Politóloga  </p>



<p class="has-medium-font-size"><strong>Corrección</strong></p>



<p><strong>Alejandra Montes Escobar <br>Juana Manuela Montoya Velásquez</strong></p>



<p class="has-medium-font-size"><strong>Comunicaciones</strong></p>



<p><strong>Alejandra Machado</strong><br>Comunicadora Social – Periodista<br><strong>Diego Pérez</strong><br>Comunicador audiovisual </p>



<p class="has-medium-font-size"><strong>Administración</strong></p>



<p><strong>Marcela Amézquita<br></strong>Coordinadora financiera de Hacemos Memoria <br><strong>Yesenia Restrepo</strong><br>Estudiante de Administración de empresas</p>



<p class="has-medium-font-size"><strong>Diseño y programación </strong></p>



<p>Jorge Montoya Gallego </p>



<p class="has-medium-font-size"><strong>Imagen de portada</strong></p>



<p><strong>Hugo Villegas<br></strong>Periodista </p>

<p>50 años de violencia y resistencia en la Universidad de Antioquia es un producto periodístico del proyecto Hacemos Memoria de la Facultad de Comunicaciones, en alianza con el Instituto de Estudios Políticos y la Escuela Interamericana de Bibliotecología, con el apoyo de DW Akademie. Este producto es el cumplimiento del proyecto de investigación Línea del [&hellip;]</p>

<!-- This site is optimized with the Yoast SEO plugin v22.1 - https://yoast.com/wordpress/plugins/seo/ -->
<title>Créditos - 50 años de violencia y resistencia en la Universidad de Antioquia</title>
<meta name="robots" content="index, follow, max-snippet:-1, max-image-preview:large, max-video-preview:-1" />
<link rel="canonical" href="https://hacemosmemoria.org/udea50/creditos/" />
<meta property="og:locale" content="es_ES" />
<meta property="og:type" content="article" />
<meta property="og:title" content="Créditos - 50 años de violencia y resistencia en la Universidad de Antioquia" />
<meta property="og:description" content="50 años de violencia y resistencia en la Universidad de Antioquia es un producto periodístico del proyecto Hacemos Memoria de la Facultad de Comunicaciones, en alianza con el Instituto de Estudios Políticos y la Escuela Interamericana de Bibliotecología, con el apoyo de DW Akademie. Este producto es el cumplimiento del proyecto de investigación Línea del [&hellip;]" />
<meta property="og:url" content="https://hacemosmemoria.org/udea50/creditos/" />
<meta property="og:site_name" content="50 años de violencia y resistencia en la Universidad de Antioquia" />
<meta property="article:modified_time" content="2020-12-09T02:20:54+00:00" />
<meta name="twitter:card" content="summary_large_image" />
<meta name="twitter:label1" content="Tiempo estimado de lectura" />
	<meta name="twitter:data1" content="2 minutos" />
<script type="application/ld+json" class="yoast-schema-graph">{"@context":"https://schema.org","@graph":[{"@type":"WebPage","@id":"https://hacemosmemoria.org/udea50/creditos/","url":"https://hacemosmemoria.org/udea50/creditos/","name":"Créditos - 50 años de violencia y resistencia en la Universidad de Antioquia","isPartOf":{"@id":"https://hacemosmemoria.org/udea50/#website"},"datePublished":"2019-07-14T16:46:33+00:00","dateModified":"2020-12-09T02:20:54+00:00","breadcrumb":{"@id":"https://hacemosmemoria.org/udea50/creditos/#breadcrumb"},"inLanguage":"es-CO","potentialAction":[{"@type":"ReadAction","target":["https://hacemosmemoria.org/udea50/creditos/"]}]},{"@type":"BreadcrumbList","@id":"https://hacemosmemoria.org/udea50/creditos/#breadcrumb","itemListElement":[{"@type":"ListItem","position":1,"name":"Inicio","item":"https://hacemosmemoria.org/udea50/"},{"@type":"ListItem","position":2,"name":"Créditos"}]},{"@type":"WebSite","@id":"https://hacemosmemoria.org/udea50/#website","url":"https://hacemosmemoria.org/udea50/","name":"50 años de violencia y resistencia en la Universidad de Antioquia","description":"Un contenido de Hacemos Memoria","potentialAction":[{"@type":"SearchAction","target":{"@type":"EntryPoint","urlTemplate":"https://hacemosmemoria.org/udea50/?s={search_term_string}"},"query-input":"required name=search_term_string"}],"inLanguage":"es-CO"}]}</script>
<!-- / Yoast SEO plugin. -->

Créditos - 50 años de violencia y resistencia en la Universidad de Antioquia

50 años de violencia y resistencia en la Universidad de Antioquia es un producto periodístico del proyecto Hacemos Memoria de la Facultad de Comunicaciones, en alianza con el Instituto de Estudios Políticos y la Escuela Interamericana de Bibliotecología, con el apoyo de DW Akademie. Este producto es el cumplimiento del proyecto de investigación Línea del [&hellip;]

50 años de violencia y resistencia en la Universidad de Antioquia
