{"id":194,"date":"2019-07-14T11:46:17","date_gmt":"2019-07-14T16:46:17","guid":{"rendered":"http:\/\/hacemosmemoria.org\/udea50\/?page_id=194"},"modified":"2019-09-03T15:05:15","modified_gmt":"2019-09-03T20:05:15","slug":"metodologia","status":"publish","type":"page","link":"https:\/\/hacemosmemoria.org\/udea50\/metodologia\/","title":{"rendered":"Metodolog\u00eda"},"content":{"rendered":"\n<p>Con el prop\u00f3sito de aportar informaci\u00f3n que permita comprender, desde el  presente, los sentidos y significados dados al pasado de violencia y  resistencia en la Universidad, la l\u00ednea de tiempo <em>50 a\u00f1os de violencia y resistencia en la Universidad de Antioquia <\/em>fue elaborada a trav\u00e9s de una metodolog\u00eda cualitativa que combina la investigaci\u00f3n documental y la investigaci\u00f3n period\u00edstica. <\/p>\n\n\n\n<p>El proceso busc\u00f3 la dimensi\u00f3n y presencia diferenciada del conflicto armado en la Universidad; al igual que sus expresiones, impactos y transformaciones en la vida universitaria. Por ello se explor\u00f3 la dimensi\u00f3n pol\u00edtica de los hitos de violencia presentes en la memoria de los universitarios, las marcas y las afectaciones que produjo, las formas de resistencia que se implementaron, y los silencios y olvidos que han surgido en relaci\u00f3n con el pasado.<\/p>\n\n\n\n<p>La investigaci\u00f3n se desarroll\u00f3 en tres fases. La primera consisti\u00f3 en la elaboraci\u00f3n de una cronolog\u00eda a partir de la informaci\u00f3n publicada en el diario <em>El Colombiano<\/em>. Concretarla dio cuenta de los hechos de violencia y de resistencia ocurridos en la Universidad de Antioquia entre 1968 y 2018. Este proceso, que respondi\u00f3 a criterios bibliotecol\u00f3gicos y de consulta a fuentes documentales, fue desarrollado por cinco investigadores bajo la coordinaci\u00f3n de la Escuela Interamericana de Bibliotecolog\u00eda.<\/p>\n\n\n\n<p>En esta primera fase, el trabajo consisti\u00f3 en la elaboraci\u00f3n de fichas con noticias publicadas en el peri\u00f3dico, en particular, de temas relacionados con conflictos al interior de la Universidad: acciones violentas sucedidas en el campus o contra los miembros de la comunidad universitaria; as\u00ed como las acciones de respuesta a esos actos, fueran ellas institucionales o de los distintos estamentos universitarios; reivindicaciones gremiales o estudiantiles; adem\u00e1s de cambios en las estructuras administrativas y en las din\u00e1micas acad\u00e9micas.<\/p>\n\n\n\n<p>Por medio de las fichas se recopil\u00f3 informaci\u00f3n bibliogr\u00e1fica sobre el medio, el lugar y la fecha de edici\u00f3n; los autores, la p\u00e1gina y la secci\u00f3n de la nota de prensa; el titular y el resumen de la noticia. Tambi\u00e9n se registr\u00f3 informaci\u00f3n anal\u00edtica que diera cuenta del contexto de la noticia, las palabras claves, las observaciones del investigador y la fecha de diligenciamiento.<\/p>\n\n\n\n<p>Con el prop\u00f3sito de que la informaci\u00f3n recopilada en el marco de este proyecto sirva a futuras investigaciones, ponemos a disposici\u00f3n de los usuarios de esta l\u00ednea de tiempo las fichas bibliogr\u00e1ficas elaboradas en el proceso, a las cuales se puede acceder en la secci\u00f3n<a href=\"https:\/\/hacemosmemoria.org\/udea50\/fichero\"><strong> Fichero<\/strong> <\/a>dentro esta l\u00ednea de tiempo.<\/p>\n\n\n\n<p>La segunda fase de la investigaci\u00f3n us\u00f3 como insumo la cronolog\u00eda producida en la primera fase para seleccionar, de esta, trescientos hechos de violencia y resistencia ocurridos en la Universidad durante el periodo de tiempo abordado. La selecci\u00f3n fue realizada bajo criterios period\u00edsticos teniendo en cuenta aspectos como los antecedentes, el contexto, el impacto, los actores y el alcance de los hechos ocurridos. Este proceso estuvo a cargo de tres periodistas del proyecto Hacemos Memoria y del peri\u00f3dico <em>De la Urbe<\/em> de la Facultad de Comunicaciones.<\/p>\n\n\n\n<p>De las trescientas situaciones seleccionadas, el equipo coordinador de la l\u00ednea de tiempo eligi\u00f3 a su vez cuarenta hechos de violencia y resistencia para ampliar su informaci\u00f3n mediante un proceso de investigaci\u00f3n y producci\u00f3n period\u00edstica, enfocado en la recuperaci\u00f3n de memorias, la profundizaci\u00f3n y la reconstrucci\u00f3n de lo acontecido. La selecci\u00f3n se hizo de manera colectiva mediante reuniones en las que se analiz\u00f3, discuti\u00f3 y valor\u00f3 la relevancia y pertinencia de los hechos a ampliar teniendo en cuenta los objetivos del proyecto.<\/p>\n\n\n\n<p>La investigaci\u00f3n period\u00edstica estuvo a cargo de siete periodistas de <em>De la Urbe<\/em> quienes consultaron fuentes orales y documentales; realizaron entrevistas a v\u00edctimas, protagonistas de los hechos, testigos directos e indirectos de los mismos y a miembros de la comunidad universitaria entre estudiantes, empleados, exdirectivos, jubilados y egresados. Posteriormente, los contenidos producidos pasaron a una etapa de revisi\u00f3n, edici\u00f3n y correcci\u00f3n de estilo.<\/p>\n\n\n\n<p>El proceso period\u00edstico estuvo acompa\u00f1ado de una b\u00fasqueda en archivos sonoros, repositorios fotogr\u00e1ficos, videotecas y archivos particulares con el prop\u00f3sito de complementar con otra informaci\u00f3n los hechos ampliados.<\/p>\n\n\n\n<p>A la par con esto, durante el desarrollo de la investigaci\u00f3n se realizaron cinco grupos focales en los que universitarios de diferentes edades compartieron sus experiencias con respecto a la vida universitaria y los conflictos. En estos espacios se dialog\u00f3 acerca de los impactos del conflicto armado en la Universidad, la respuesta de los universitarios a la violencia y las memorias existentes sobre ese pasado. El trabajo de los grupos complement\u00f3 el proceso de valoraci\u00f3n y selecci\u00f3n de contenidos para el proyecto, el trabajo de investigaci\u00f3n period\u00edstica y el an\u00e1lisis cualitativo del pasado de la Universidad.<\/p>\n\n\n\n<p>La tercera fase del proyecto se concentr\u00f3 en el dise\u00f1o y montaje de un micrositio web para la publicaci\u00f3n de la l\u00ednea de tiempo. En este se entrega la descripci\u00f3n de los trescientos hechos seleccionados y las cuarenta historias de violencia y resistencia acompa\u00f1adas de fotograf\u00edas, audios y videos que fueron recuperados de archivos p\u00fablicos y particulares. Este sitio fue presentado al p\u00fablico universitario el 18 de julio de 2019 en el Edificio de Extensi\u00f3n de la Universidad de Antioquia.&nbsp;<\/p>\n\n\n\n<p>Como elemento interactivo de dise\u00f1o, la l\u00ednea de tiempo dispuso una herramienta digital para que las personas puedan comentar, aportar informaci\u00f3n o presentar inquietudes frente al contenido del sitio.<\/p>\n","protected":false},"excerpt":{"rendered":"<p>Con el prop\u00f3sito de aportar informaci\u00f3n que permita comprender, desde el presente, los sentidos y significados dados al pasado de violencia y resistencia en la Universidad, la l\u00ednea de tiempo 50 a\u00f1os de violencia y resistencia en la Universidad de Antioquia fue elaborada a trav\u00e9s de una metodolog\u00eda cualitativa que combina la investigaci\u00f3n documental y [&hellip;]<\/p>\n","protected":false},"author":1,"featured_media":0,"parent":0,"menu_order":0,"comment_status":"closed","ping_status":"closed","template":"","meta":{"_acf_changed":false,"_monsterinsights_skip_tracking":false,"_monsterinsights_sitenote_active":false,"_monsterinsights_sitenote_note":"","_monsterinsights_sitenote_category":0,"ngg_post_thumbnail":0,"footnotes":""},"acf":[],"yoast_head":"<!-- This site is optimized with the Yoast SEO plugin v22.1 - https:\/\/yoast.com\/wordpress\/plugins\/seo\/ -->\n<title>Metodolog\u00eda - 50 a\u00f1os de violencia y resistencia en la Universidad de Antioquia<\/title>\n<meta name=\"robots\" content=\"index, follow, max-snippet:-1, max-image-preview:large, max-video-preview:-1\" \/>\n<link rel=\"canonical\" href=\"https:\/\/hacemosmemoria.org\/udea50\/metodologia\/\" \/>\n<meta property=\"og:locale\" content=\"es_ES\" \/>\n<meta property=\"og:type\" content=\"article\" \/>\n<meta property=\"og:title\" content=\"Metodolog\u00eda - 50 a\u00f1os de violencia y resistencia en la Universidad de Antioquia\" \/>\n<meta property=\"og:description\" content=\"Con el prop\u00f3sito de aportar informaci\u00f3n que permita comprender, desde el presente, los sentidos y significados dados al pasado de violencia y resistencia en la Universidad, la l\u00ednea de tiempo 50 a\u00f1os de violencia y resistencia en la Universidad de Antioquia fue elaborada a trav\u00e9s de una metodolog\u00eda cualitativa que combina la investigaci\u00f3n documental y [&hellip;]\" \/>\n<meta property=\"og:url\" content=\"https:\/\/hacemosmemoria.org\/udea50\/metodologia\/\" \/>\n<meta property=\"og:site_name\" content=\"50 a\u00f1os de violencia y resistencia en la Universidad de Antioquia\" \/>\n<meta property=\"article:modified_time\" content=\"2019-09-03T20:05:15+00:00\" \/>\n<meta name=\"twitter:card\" content=\"summary_large_image\" \/>\n<meta name=\"twitter:label1\" content=\"Tiempo estimado de lectura\" \/>\n\t<meta name=\"twitter:data1\" content=\"5 minutos\" \/>\n<script type=\"application\/ld+json\" class=\"yoast-schema-graph\">{\"@context\":\"https:\/\/schema.org\",\"@graph\":[{\"@type\":\"WebPage\",\"@id\":\"https:\/\/hacemosmemoria.org\/udea50\/metodologia\/\",\"url\":\"https:\/\/hacemosmemoria.org\/udea50\/metodologia\/\",\"name\":\"Metodolog\u00eda - 50 a\u00f1os de violencia y resistencia en la Universidad de Antioquia\",\"isPartOf\":{\"@id\":\"https:\/\/hacemosmemoria.org\/udea50\/#website\"},\"datePublished\":\"2019-07-14T16:46:17+00:00\",\"dateModified\":\"2019-09-03T20:05:15+00:00\",\"breadcrumb\":{\"@id\":\"https:\/\/hacemosmemoria.org\/udea50\/metodologia\/#breadcrumb\"},\"inLanguage\":\"es-CO\",\"potentialAction\":[{\"@type\":\"ReadAction\",\"target\":[\"https:\/\/hacemosmemoria.org\/udea50\/metodologia\/\"]}]},{\"@type\":\"BreadcrumbList\",\"@id\":\"https:\/\/hacemosmemoria.org\/udea50\/metodologia\/#breadcrumb\",\"itemListElement\":[{\"@type\":\"ListItem\",\"position\":1,\"name\":\"Inicio\",\"item\":\"https:\/\/hacemosmemoria.org\/udea50\/\"},{\"@type\":\"ListItem\",\"position\":2,\"name\":\"Metodolog\u00eda\"}]},{\"@type\":\"WebSite\",\"@id\":\"https:\/\/hacemosmemoria.org\/udea50\/#website\",\"url\":\"https:\/\/hacemosmemoria.org\/udea50\/\",\"name\":\"50 a\u00f1os de violencia y resistencia en la Universidad de Antioquia\",\"description\":\"Un contenido de Hacemos Memoria\",\"potentialAction\":[{\"@type\":\"SearchAction\",\"target\":{\"@type\":\"EntryPoint\",\"urlTemplate\":\"https:\/\/hacemosmemoria.org\/udea50\/?s={search_term_string}\"},\"query-input\":\"required name=search_term_string\"}],\"inLanguage\":\"es-CO\"}]}<\/script>\n<!-- \/ Yoast SEO plugin. -->","yoast_head_json":{"title":"Metodolog\u00eda - 50 a\u00f1os de violencia y resistencia en la Universidad de Antioquia","robots":{"index":"index","follow":"follow","max-snippet":"max-snippet:-1","max-image-preview":"max-image-preview:large","max-video-preview":"max-video-preview:-1"},"canonical":"https:\/\/hacemosmemoria.org\/udea50\/metodologia\/","og_locale":"es_ES","og_type":"article","og_title":"Metodolog\u00eda - 50 a\u00f1os de violencia y resistencia en la Universidad de Antioquia","og_description":"Con el prop\u00f3sito de aportar informaci\u00f3n que permita comprender, desde el presente, los sentidos y significados dados al pasado de violencia y resistencia en la Universidad, la l\u00ednea de tiempo 50 a\u00f1os de violencia y resistencia en la Universidad de Antioquia fue elaborada a trav\u00e9s de una metodolog\u00eda cualitativa que combina la investigaci\u00f3n documental y [&hellip;]","og_url":"https:\/\/hacemosmemoria.org\/udea50\/metodologia\/","og_site_name":"50 a\u00f1os de violencia y resistencia en la Universidad de Antioquia","article_modified_time":"2019-09-03T20:05:15+00:00","twitter_card":"summary_large_image","twitter_misc":{"Tiempo estimado de lectura":"5 minutos"},"schema":{"@context":"https:\/\/schema.org","@graph":[{"@type":"WebPage","@id":"https:\/\/hacemosmemoria.org\/udea50\/metodologia\/","url":"https:\/\/hacemosmemoria.org\/udea50\/metodologia\/","name":"Metodolog\u00eda - 50 a\u00f1os de violencia y resistencia en la Universidad de Antioquia","isPartOf":{"@id":"https:\/\/hacemosmemoria.org\/udea50\/#website"},"datePublished":"2019-07-14T16:46:17+00:00","dateModified":"2019-09-03T20:05:15+00:00","breadcrumb":{"@id":"https:\/\/hacemosmemoria.org\/udea50\/metodologia\/#breadcrumb"},"inLanguage":"es-CO","potentialAction":[{"@type":"ReadAction","target":["https:\/\/hacemosmemoria.org\/udea50\/metodologia\/"]}]},{"@type":"BreadcrumbList","@id":"https:\/\/hacemosmemoria.org\/udea50\/metodologia\/#breadcrumb","itemListElement":[{"@type":"ListItem","position":1,"name":"Inicio","item":"https:\/\/hacemosmemoria.org\/udea50\/"},{"@type":"ListItem","position":2,"name":"Metodolog\u00eda"}]},{"@type":"WebSite","@id":"https:\/\/hacemosmemoria.org\/udea50\/#website","url":"https:\/\/hacemosmemoria.org\/udea50\/","name":"50 a\u00f1os de violencia y resistencia en la Universidad de Antioquia","description":"Un contenido de Hacemos Memoria","potentialAction":[{"@type":"SearchAction","target":{"@type":"EntryPoint","urlTemplate":"https:\/\/hacemosmemoria.org\/udea50\/?s={search_term_string}"},"query-input":"required name=search_term_string"}],"inLanguage":"es-CO"}]}},"jetpack_sharing_enabled":true,"_links":{"self":[{"href":"https:\/\/hacemosmemoria.org\/udea50\/wp-json\/wp\/v2\/pages\/194"}],"collection":[{"href":"https:\/\/hacemosmemoria.org\/udea50\/wp-json\/wp\/v2\/pages"}],"about":[{"href":"https:\/\/hacemosmemoria.org\/udea50\/wp-json\/wp\/v2\/types\/page"}],"author":[{"embeddable":true,"href":"https:\/\/hacemosmemoria.org\/udea50\/wp-json\/wp\/v2\/users\/1"}],"replies":[{"embeddable":true,"href":"https:\/\/hacemosmemoria.org\/udea50\/wp-json\/wp\/v2\/comments?post=194"}],"version-history":[{"count":17,"href":"https:\/\/hacemosmemoria.org\/udea50\/wp-json\/wp\/v2\/pages\/194\/revisions"}],"predecessor-version":[{"id":1014,"href":"https:\/\/hacemosmemoria.org\/udea50\/wp-json\/wp\/v2\/pages\/194\/revisions\/1014"}],"wp:attachment":[{"href":"https:\/\/hacemosmemoria.org\/udea50\/wp-json\/wp\/v2\/media?parent=194"}],"curies":[{"name":"wp","href":"https:\/\/api.w.org\/{rel}","templated":true}]}}

Metodología

<p>Con el propósito de aportar información que permita comprender, desde el  presente, los sentidos y significados dados al pasado de violencia y  resistencia en la Universidad, la línea de tiempo <em>50 años de violencia y resistencia en la Universidad de Antioquia </em>fue elaborada a través de una metodología cualitativa que combina la investigación documental y la investigación periodística. </p>



<p>El proceso buscó la dimensión y presencia diferenciada del conflicto armado en la Universidad; al igual que sus expresiones, impactos y transformaciones en la vida universitaria. Por ello se exploró la dimensión política de los hitos de violencia presentes en la memoria de los universitarios, las marcas y las afectaciones que produjo, las formas de resistencia que se implementaron, y los silencios y olvidos que han surgido en relación con el pasado.</p>



<p>La investigación se desarrolló en tres fases. La primera consistió en la elaboración de una cronología a partir de la información publicada en el diario <em>El Colombiano</em>. Concretarla dio cuenta de los hechos de violencia y de resistencia ocurridos en la Universidad de Antioquia entre 1968 y 2018. Este proceso, que respondió a criterios bibliotecológicos y de consulta a fuentes documentales, fue desarrollado por cinco investigadores bajo la coordinación de la Escuela Interamericana de Bibliotecología.</p>



<p>En esta primera fase, el trabajo consistió en la elaboración de fichas con noticias publicadas en el periódico, en particular, de temas relacionados con conflictos al interior de la Universidad: acciones violentas sucedidas en el campus o contra los miembros de la comunidad universitaria; así como las acciones de respuesta a esos actos, fueran ellas institucionales o de los distintos estamentos universitarios; reivindicaciones gremiales o estudiantiles; además de cambios en las estructuras administrativas y en las dinámicas académicas.</p>



<p>Por medio de las fichas se recopiló información bibliográfica sobre el medio, el lugar y la fecha de edición; los autores, la página y la sección de la nota de prensa; el titular y el resumen de la noticia. También se registró información analítica que diera cuenta del contexto de la noticia, las palabras claves, las observaciones del investigador y la fecha de diligenciamiento.</p>



<p>Con el propósito de que la información recopilada en el marco de este proyecto sirva a futuras investigaciones, ponemos a disposición de los usuarios de esta línea de tiempo las fichas bibliográficas elaboradas en el proceso, a las cuales se puede acceder en la sección<a href="https://hacemosmemoria.org/udea50/fichero"><strong> Fichero</strong> </a>dentro esta línea de tiempo.</p>



<p>La segunda fase de la investigación usó como insumo la cronología producida en la primera fase para seleccionar, de esta, trescientos hechos de violencia y resistencia ocurridos en la Universidad durante el periodo de tiempo abordado. La selección fue realizada bajo criterios periodísticos teniendo en cuenta aspectos como los antecedentes, el contexto, el impacto, los actores y el alcance de los hechos ocurridos. Este proceso estuvo a cargo de tres periodistas del proyecto Hacemos Memoria y del periódico <em>De la Urbe</em> de la Facultad de Comunicaciones.</p>



<p>De las trescientas situaciones seleccionadas, el equipo coordinador de la línea de tiempo eligió a su vez cuarenta hechos de violencia y resistencia para ampliar su información mediante un proceso de investigación y producción periodística, enfocado en la recuperación de memorias, la profundización y la reconstrucción de lo acontecido. La selección se hizo de manera colectiva mediante reuniones en las que se analizó, discutió y valoró la relevancia y pertinencia de los hechos a ampliar teniendo en cuenta los objetivos del proyecto.</p>



<p>La investigación periodística estuvo a cargo de siete periodistas de <em>De la Urbe</em> quienes consultaron fuentes orales y documentales; realizaron entrevistas a víctimas, protagonistas de los hechos, testigos directos e indirectos de los mismos y a miembros de la comunidad universitaria entre estudiantes, empleados, exdirectivos, jubilados y egresados. Posteriormente, los contenidos producidos pasaron a una etapa de revisión, edición y corrección de estilo.</p>



<p>El proceso periodístico estuvo acompañado de una búsqueda en archivos sonoros, repositorios fotográficos, videotecas y archivos particulares con el propósito de complementar con otra información los hechos ampliados.</p>



<p>A la par con esto, durante el desarrollo de la investigación se realizaron cinco grupos focales en los que universitarios de diferentes edades compartieron sus experiencias con respecto a la vida universitaria y los conflictos. En estos espacios se dialogó acerca de los impactos del conflicto armado en la Universidad, la respuesta de los universitarios a la violencia y las memorias existentes sobre ese pasado. El trabajo de los grupos complementó el proceso de valoración y selección de contenidos para el proyecto, el trabajo de investigación periodística y el análisis cualitativo del pasado de la Universidad.</p>



<p>La tercera fase del proyecto se concentró en el diseño y montaje de un micrositio web para la publicación de la línea de tiempo. En este se entrega la descripción de los trescientos hechos seleccionados y las cuarenta historias de violencia y resistencia acompañadas de fotografías, audios y videos que fueron recuperados de archivos públicos y particulares. Este sitio fue presentado al público universitario el 18 de julio de 2019 en el Edificio de Extensión de la Universidad de Antioquia.&nbsp;</p>



<p>Como elemento interactivo de diseño, la línea de tiempo dispuso una herramienta digital para que las personas puedan comentar, aportar información o presentar inquietudes frente al contenido del sitio.</p>

<p>Con el propósito de aportar información que permita comprender, desde el presente, los sentidos y significados dados al pasado de violencia y resistencia en la Universidad, la línea de tiempo 50 años de violencia y resistencia en la Universidad de Antioquia fue elaborada a través de una metodología cualitativa que combina la investigación documental y [&hellip;]</p>

<!-- This site is optimized with the Yoast SEO plugin v22.1 - https://yoast.com/wordpress/plugins/seo/ -->
<title>Metodología - 50 años de violencia y resistencia en la Universidad de Antioquia</title>
<meta name="robots" content="index, follow, max-snippet:-1, max-image-preview:large, max-video-preview:-1" />
<link rel="canonical" href="https://hacemosmemoria.org/udea50/metodologia/" />
<meta property="og:locale" content="es_ES" />
<meta property="og:type" content="article" />
<meta property="og:title" content="Metodología - 50 años de violencia y resistencia en la Universidad de Antioquia" />
<meta property="og:description" content="Con el propósito de aportar información que permita comprender, desde el presente, los sentidos y significados dados al pasado de violencia y resistencia en la Universidad, la línea de tiempo 50 años de violencia y resistencia en la Universidad de Antioquia fue elaborada a través de una metodología cualitativa que combina la investigación documental y [&hellip;]" />
<meta property="og:url" content="https://hacemosmemoria.org/udea50/metodologia/" />
<meta property="og:site_name" content="50 años de violencia y resistencia en la Universidad de Antioquia" />
<meta property="article:modified_time" content="2019-09-03T20:05:15+00:00" />
<meta name="twitter:card" content="summary_large_image" />
<meta name="twitter:label1" content="Tiempo estimado de lectura" />
	<meta name="twitter:data1" content="5 minutos" />
<script type="application/ld+json" class="yoast-schema-graph">{"@context":"https://schema.org","@graph":[{"@type":"WebPage","@id":"https://hacemosmemoria.org/udea50/metodologia/","url":"https://hacemosmemoria.org/udea50/metodologia/","name":"Metodología - 50 años de violencia y resistencia en la Universidad de Antioquia","isPartOf":{"@id":"https://hacemosmemoria.org/udea50/#website"},"datePublished":"2019-07-14T16:46:17+00:00","dateModified":"2019-09-03T20:05:15+00:00","breadcrumb":{"@id":"https://hacemosmemoria.org/udea50/metodologia/#breadcrumb"},"inLanguage":"es-CO","potentialAction":[{"@type":"ReadAction","target":["https://hacemosmemoria.org/udea50/metodologia/"]}]},{"@type":"BreadcrumbList","@id":"https://hacemosmemoria.org/udea50/metodologia/#breadcrumb","itemListElement":[{"@type":"ListItem","position":1,"name":"Inicio","item":"https://hacemosmemoria.org/udea50/"},{"@type":"ListItem","position":2,"name":"Metodología"}]},{"@type":"WebSite","@id":"https://hacemosmemoria.org/udea50/#website","url":"https://hacemosmemoria.org/udea50/","name":"50 años de violencia y resistencia en la Universidad de Antioquia","description":"Un contenido de Hacemos Memoria","potentialAction":[{"@type":"SearchAction","target":{"@type":"EntryPoint","urlTemplate":"https://hacemosmemoria.org/udea50/?s={search_term_string}"},"query-input":"required name=search_term_string"}],"inLanguage":"es-CO"}]}</script>
<!-- / Yoast SEO plugin. -->

Metodología - 50 años de violencia y resistencia en la Universidad de Antioquia

Con el propósito de aportar información que permita comprender, desde el presente, los sentidos y significados dados al pasado de violencia y resistencia en la Universidad, la línea de tiempo 50 años de violencia y resistencia en la Universidad de Antioquia fue elaborada a través de una metodología cualitativa que combina la investigación documental y [&hellip;]

50 años de violencia y resistencia en la Universidad de Antioquia
